{"id":967,"date":"2014-12-30T15:20:33","date_gmt":"2014-12-30T15:20:33","guid":{"rendered":"http:\/\/familie-ibing.de\/?page_id=967"},"modified":"2015-02-19T08:52:30","modified_gmt":"2015-02-19T08:52:30","slug":"die-stammfolge-johan-dieter-ibing-aus-hattingen","status":"publish","type":"page","link":"https:\/\/familie-ibing.de\/?page_id=967","title":{"rendered":"Stammfolge JOHAN DIETER IBING aus Hattingen"},"content":{"rendered":"<p style=\"text-align: justify;\">Diese Stammfolge ist nicht zuordbar, obwohl Johan Dieter Ibing in einer Zeit geboren wurde, die in den Hattinger Kirchenb\u00fccher noch zu finden ist. M\u00f6glich w\u00e4re auch, das er das unbekannte Vorkind von Diedrich Ibing und Chri\u00adstina Nierman ist, welches um 1688 geboren wurde. Dies w\u00fcrde in etwa auch im gleichen Zeitraum liegen. Auch die Namensgebung w\u00fcrde darauf hindeuten, al\u00adlerdings l\u00e4\u00dft sich das nicht nachweisen.<br \/>\nErstmals erw\u00e4hnt wird ein Johan Dietrich (oder Dieter) Ibing im Gildebuch II im Jahre 1713\/14: <em>Johan Dietrich Ibing wegen sein Handwerk 6 R.<\/em><br \/>\nIm Hattinger Castratum von 1714 hei\u00dft es: <em>Johann Died. Ibing, Tagel\u00f6hner, verheiratet, keine Kinder unter 6 Jahren.<\/em><br \/>\nDieser kann aber keinesfalls mit Johan Dieter Ibing identisch sein, weil seine Frau bei der Heirat h\u00f6chstens 14 Jahre alt gewesen w\u00e4re.<\/p>\n","protected":false},"excerpt":{"rendered":"<p>Diese Stammfolge ist nicht zuordbar, obwohl Johan Dieter Ibing in einer Zeit geboren wurde, die in den Hattinger Kirchenb\u00fccher noch zu finden ist. M\u00f6glich w\u00e4re auch, das er das unbekannte Vorkind von Diedrich Ibing und Chri\u00adstina Nierman ist, welches um 1688 geboren wurde. Dies w\u00fcrde in etwa auch im gleichen Zeitraum liegen. Auch die Namensgebung &hellip; <a href=\"https:\/\/familie-ibing.de\/?page_id=967\" class=\"more-link\"><span class=\"screen-reader-text\">Stammfolge JOHAN DIETER IBING aus Hattingen<\/span> weiterlesen <span class=\"meta-nav\">&rarr;<\/span><\/a><\/p>\n","protected":false},"author":1,"featured_media":0,"parent":0,"menu_order":0,"comment_status":"open","ping_status":"open","template":"page-templates\/full-width.php","meta":[],"_links":{"self":[{"href":"https:\/\/familie-ibing.de\/index.php?rest_route=\/wp\/v2\/pages\/967"}],"collection":[{"href":"https:\/\/familie-ibing.de\/index.php?rest_route=\/wp\/v2\/pages"}],"about":[{"href":"https:\/\/familie-ibing.de\/index.php?rest_route=\/wp\/v2\/types\/page"}],"author":[{"embeddable":true,"href":"https:\/\/familie-ibing.de\/index.php?rest_route=\/wp\/v2\/users\/1"}],"replies":[{"embeddable":true,"href":"https:\/\/familie-ibing.de\/index.php?rest_route=%2Fwp%2Fv2%2Fcomments&post=967"}],"version-history":[{"count":2,"href":"https:\/\/familie-ibing.de\/index.php?rest_route=\/wp\/v2\/pages\/967\/revisions"}],"predecessor-version":[{"id":977,"href":"https:\/\/familie-ibing.de\/index.php?rest_route=\/wp\/v2\/pages\/967\/revisions\/977"}],"wp:attachment":[{"href":"https:\/\/familie-ibing.de\/index.php?rest_route=%2Fwp%2Fv2%2Fmedia&parent=967"}],"curies":[{"name":"wp","href":"https:\/\/api.w.org\/{rel}","templated":true}]}}