{"id":69,"date":"2014-09-23T14:16:43","date_gmt":"2014-09-23T14:16:43","guid":{"rendered":"http:\/\/familie-ibing.de\/?page_id=69"},"modified":"2018-11-20T06:53:35","modified_gmt":"2018-11-20T06:53:35","slug":"unser-wappen","status":"publish","type":"page","link":"https:\/\/familie-ibing.de\/?page_id=69","title":{"rendered":"Ibing aus Wengern-Esborn"},"content":{"rendered":"<h4 style=\"text-align: center;\"><a href=\"https:\/\/familie-ibing.de\/wp-content\/uploads\/2014\/09\/Ibing.jpg\"><img decoding=\"async\" loading=\"lazy\" class=\"size-medium wp-image-70 aligncenter\" src=\"https:\/\/familie-ibing.de\/wp-content\/uploads\/2014\/09\/Ibing-282x300.jpg\" alt=\"Ibing\" width=\"282\" height=\"300\" srcset=\"https:\/\/familie-ibing.de\/wp-content\/uploads\/2014\/09\/Ibing-282x300.jpg 282w, https:\/\/familie-ibing.de\/wp-content\/uploads\/2014\/09\/Ibing.jpg 400w\" sizes=\"(max-width: 282px) 100vw, 282px\" \/><\/a><strong>Ibing<\/strong><\/h4>\n<p style=\"text-align: center;\">aus Wengern-Esborn, Ennepe-Ruhr-Kreis<\/p>\n<p style=\"text-align: center;\">(\u00c4ltester bekannter Vorfahr im Mannesstamm: Johann Heinrich Weustenfeld gen. Ibing, * Wengern 12.10.1736, \u2020 ebenda 14.4.1814, Colon, Vater des Johan Peter Ibing, * Wengern 1.4.1778, \u2020 Ha\u00dflinghausen 15.3.1844, Bauer)<\/p>\n<p style=\"text-align: center;\">In Rot ein durchgehendes, verbreitertes, in den Seitenbalken verstutztes silbernes Schr\u00e4gkreuz, belegt mit einem gr\u00fcnen Eibenzweig mit roten Fr\u00fcchten; in der linken oberen Ecke besteckt mit einem auf der Spitze stehenden silbernen Quadrat.<\/p>\n<p style=\"text-align: center;\">Auf dem Helm mit rot-silbernen Decken ein roter Pfahl, besetzt mit einem auf der Spitze stehenden roten Quadrat und balkenweise \u00fcberkreuzt mit einem rotbefruchteten gr\u00fcnen Eibenzweig.<\/p>\n<p style=\"text-align: center;\">Neu angenommen im Oktober 1993 vom Antragsteller Hans-Eberhard Ibing, Kraftfahrzeug-Mechaniker in Gevelsberg, f\u00fcr sich und die \u00fcbrigen Nachkommen im Mannesstamm seines Stammvaters Johann Heinrich Weustenfeld gen. Ibing (1736-1814), soweit und solange sie noch den Familiennamen des Wappenstifters f\u00fchren.<\/p>\n<p style=\"text-align: center;\">Entwurf: Kurt Schweder, Essen-Steele<\/p>\n<p style=\"text-align: center;\">Eingetragen am 10.\u00a0 Oktober 1993 unter Nr. 9679\/93 in die Deutsche Wappenrolle<\/p>\n","protected":false},"excerpt":{"rendered":"<p>Ibing aus Wengern-Esborn, Ennepe-Ruhr-Kreis (\u00c4ltester bekannter Vorfahr im Mannesstamm: Johann Heinrich Weustenfeld gen. Ibing, * Wengern 12.10.1736, \u2020 ebenda 14.4.1814, Colon, Vater des Johan Peter Ibing, * Wengern 1.4.1778, \u2020 Ha\u00dflinghausen 15.3.1844, Bauer) In Rot ein durchgehendes, verbreitertes, in den Seitenbalken verstutztes silbernes Schr\u00e4gkreuz, belegt mit einem gr\u00fcnen Eibenzweig mit roten Fr\u00fcchten; in der linken &hellip; <a href=\"https:\/\/familie-ibing.de\/?page_id=69\" class=\"more-link\"><span class=\"screen-reader-text\">Ibing aus Wengern-Esborn<\/span> weiterlesen <span class=\"meta-nav\">&rarr;<\/span><\/a><\/p>\n","protected":false},"author":1,"featured_media":0,"parent":0,"menu_order":0,"comment_status":"open","ping_status":"open","template":"page-templates\/full-width.php","meta":[],"_links":{"self":[{"href":"https:\/\/familie-ibing.de\/index.php?rest_route=\/wp\/v2\/pages\/69"}],"collection":[{"href":"https:\/\/familie-ibing.de\/index.php?rest_route=\/wp\/v2\/pages"}],"about":[{"href":"https:\/\/familie-ibing.de\/index.php?rest_route=\/wp\/v2\/types\/page"}],"author":[{"embeddable":true,"href":"https:\/\/familie-ibing.de\/index.php?rest_route=\/wp\/v2\/users\/1"}],"replies":[{"embeddable":true,"href":"https:\/\/familie-ibing.de\/index.php?rest_route=%2Fwp%2Fv2%2Fcomments&post=69"}],"version-history":[{"count":4,"href":"https:\/\/familie-ibing.de\/index.php?rest_route=\/wp\/v2\/pages\/69\/revisions"}],"predecessor-version":[{"id":2184,"href":"https:\/\/familie-ibing.de\/index.php?rest_route=\/wp\/v2\/pages\/69\/revisions\/2184"}],"wp:attachment":[{"href":"https:\/\/familie-ibing.de\/index.php?rest_route=%2Fwp%2Fv2%2Fmedia&parent=69"}],"curies":[{"name":"wp","href":"https:\/\/api.w.org\/{rel}","templated":true}]}}